et f be n(7). Let t = f + -12. Suppose 2*q = 2*d - 2, t*q + 4*d = -q + 20. What is the remainder when q is divided by 1?
0
Let p(h) = 2*h - 22. Calculate the remainder when 213 is divided by p(15).
5
Let i be -30 + 0 + (4 - 6) + 5. Let t = 49 + i. What is the remainder when 85 is divided by t?
19
Let v = -342 + 236. Let k = 121 + v. What is the remainder when 103 is divided by k?
13
Let w be 4/(-18) + 958/18. Suppose 0 = p - 3*i - 12, 3*p + 5*i - w = 39. Calculate the remainder when -1 - (-15)/20 - 1508/(-16) is divided by p.
22
Suppose -4*c + 412 = 5*k, -5*k - 3*c - 186 = -595. Let h = 25 + -15. What is the remainder when 190/4*64/k is divided by h?
8
Suppose 0 = 10*g - 12*g + 72. What is the remainder when g is divided by 23?
13
Let s(d) = -6*d - 22. What is the remainder when 101 is divided by s(-5)?
5
Suppose -5*y + 3 = 28. Let m(t) = t + 5. Let q be m(y). What is the remainder when -1*((-72)/3 - q) is divided by 13?
11
What is the remainder when 370/(-2)*((-2028)/(-130) + -16) is divided by 30?
14
Suppose -110 = -2*b - 2*n - 0, 0 = -4*n. Calculate the remainder when 150 is divided by b.
40
Suppose -3*v = 3874 - 4777. What is the remainder when v is divided by 103?
95
Let m be (-7)/(0 + -2 - -3). Calculate the remainder when 47 is divided by -4 + (-1 - 3*m).
15
Suppose -c - 1 + 4 = 0. Let u = -25 - -30. Suppose u*b - 26 = -11. Calculate the remainder when c is divided by b.
0
Suppose -3*p + 0*p = 36. What is the remainder when 11 is divided by 3 + 2*10*(-3)/p?
3
Let t(o) = -o**3 - 25*o**2 + 29*o + 44. What is the remainder when t(-27) is divided by 40?
39
Let r(v) = 2*v**3 - 3*v**2 + 152. Calculate the remainder when r(0) is divided by 48.
8
Let m = -75 + 91. Let d(k) = 2*k**2 - 4*k. What is the remainder when m is divided by d(3)?
4
Let c = 95 - 69. What is the remainder when c is divided by 8?
2
Suppose -j + 546 = 20*j. What is the remainder when j is divided by 10?
6
Let a = -22 - -36. Let c(p) = p**3 + 6*p**2 - 7*p - 6. Let i be c(-7). Calculate the remainder when a is divided by 2/(i/(-9)) + 5.
6
Let u(l) = -7*l - 9. Let h(b) be the second derivative of -b**5/20 + 7*b**4/12 + 4*b**3/3 - 5*b**2 - 4*b. Calculate the remainder when h(7) is divided by u(-3).
10
Suppose 0 = -39*t + 46*t - 343. What is the remainder when t is divided by 29?
20
Let b = -19 - -22. Suppose b*i - 5*i + 134 = 0. What is the remainder when i is divided by 14?
11
Calculate the remainder when -6 + 114 + 0 + 1 is divided by 330/(-44)*(-16)/12.
9
Calculate the remainder when 1632/4*(-3)/(-4) is divided by 11.
9
What is the remainder when 74 is divided by (-6232)/(-1025) + (-6)/75?
2
Suppose 30*x - 2*r + 2 = 31*x, 0 = 2*r + 12. Calculate the remainder when 108*(-1 + 3/2) is divided by x.
12
Let q(y) = y + 51. What is the remainder when q(-13) is divided by 10?
8
Let s = -48 + 54. Calculate the remainder when 128 is divided by s.
2
Suppose 50*j = 44*j + 360. Calculate the remainder when j is divided by (-3)/(1 - -2) - -8.
4
Suppose 4*g = 3*u + 8, 4*u + 0*g - g = -2. Suppose 0 = 5*h - 3*h - 3*a - 37, u = -3*h + 5*a + 58. Calculate the remainder when 21 is divided by h.
10
Suppose 2*c - 255 = -c. Calculate the remainder when c is divided by (-44)/14*203/(-87)*6.
41
Suppose 69 = 3*g - 183. Let p = g + -28. Let a = 49 - 34. What is the remainder when p is divided by a?
11
Let b be 3/3 - (-4 - -2). Suppose -b*i + 74 = 4*m, 66 = 3*m + 4*i + 7. Calculate the remainder when m is divided by 12.
5
Let h(a) = 0*a**2 + 8*a - a**2 + 2 - 13*a - 13*a. Calculate the remainder when h(-16) is divided by 6.
4
Suppose -1898 + 310 = -4*m. Calculate the remainder when m is divided by 21.
19
Let n = 303 + -281. What is the remainder when n is divided by 9/(3*(-1)/(-4))?
10
Let a = 237 - 223. What is the remainder when 37 is divided by a?
9
Suppose -17*u - 24 = -29*u. Suppose 0 = b - 2*h - 0 - 5, -3*b + 13 = -4*h. What is the remainder when (-2)/((-6)/b) - -5 is divided by u?
0
Let u = -7 + 4. Let l(w) = 88*w + 1. What is the remainder when l(1) is divided by 30*(2 + -4 - u)?
29
Suppose -11*q - 680 = -746. Calculate the remainder when 179 is divided by q.
5
Let a = 5 - -2. Let g = -5 + a. Suppose -2*l = 2*o - 8, -5*o + g*l = -39 - 9. What is the remainder when 21 is divided by o?
5
Let c(a) = -a - 1. Let n(h) = 10*h**2 - 10*h - 10. Let v(x) = 10*c(x) - n(x). Let i be v(-1). What is the remainder when 7 is divided by (12/i)/((-21)/70)?
3
What is the remainder when 52 is divided by ((-84)/(-8))/((-30)/(-40))?
10
Let u(h) = -33*h**3 - h**2 + h - 2. Let f be u(-2). Suppose -y + 1289 = 5*j, 0 = -j - 2*y - 0*y + f. What is the remainder when j is divided by 26?
24
Let g(i) = 20*i + 1. Suppose 12*w - 24 = 156. What is the remainder when g(2) is divided by w?
11
Let i(m) = 22*m - 86. Calculate the remainder when i(5) is divided by 17.
7
Let c = 297 + -294. Calculate the remainder when 50 is divided by c.
2
Suppose 10 + 10 = 10*j. Suppose 0 = 6*v + j*v - 384. Calculate the remainder when v is divided by 13.
9
Let p be 13/((-65)/(-30)) - 1. Suppose 3*q + 4*b - 42 = b, 3*b = p*q - 102. Calculate the remainder when q is divided by 8.
2
Suppose 3*r - 4*m + 2*m = 118, m = -4*r + 139. What is the remainder when r is divided by 26?
10
Let l(t) = 2*t**3 - 35*t**2 + 12*t - 103. What is the remainder when l(18) is divided by 26?
21
Calculate the remainder when 11904/160*(1 + (-7)/(-3)) is divided by 36.
32
Let n(b) = 13*b + 136. What is the remainder when 53 is divided by n(-10)?
5
Suppose 3*o = -9, 5 = 4*j + 5*o - 8. Let b be (5 - (2 + -1)) + j. Let a(r) = -r**3 + 13*r**2 - 15*r - 2. Calculate the remainder when a(b) is divided by 13.
10
Suppose 15 = -2*y + 5*y. Suppose y*g + 0*q - 3*q = 71, 2*g = -4*q + 44. What is the remainder when 61 is divided by g?
13
Let n = 9 + -71. Let r = 66 + n. Let m(w) = -6*w + 1. Calculate the remainder when m(-1) is divided by r.
3
Let k(m) = 3*m**2 + 6*m + 14. Calculate the remainder when k(-3) is divided by 2/11 + 256/44.
5
Suppose -69*i + 81286 = -22352. Calculate the remainder when i is divided by 16.
14
Let s(m) = m**2 - 20*m + 29. Let q be s(19). Suppose -82 = -q*z + 68. What is the remainder when 86 is divided by z?
11
Let x(i) = i**3 - 44*i**2 + 41*i + 158. Calculate the remainder when 175 is divided by x(43).
31
Let d be (-4)/(-14) + 38/14. Suppose d = 5*u - 7. Suppose -23*r - 13 = -59. What is the remainder when r is divided by u?
0
Let p = -8 - -10. Let n(c) = 9*c**2 + 3*c + 2. Let f be n(p). Suppose -3*h - h + f = 0. What is the remainder when 53 is divided by h?
9
Let a(m) = -m**2 - 19*m - 34. Calculate the remainder when a(-13) is divided by 26.
18
Suppose 5*g = 5 + 40. Suppose 0*w - 10 = -2*w + 4*m, 0 = -w + 5*m + 5. Calculate the remainder when g is divided by w.
4
Calculate the remainder when 60 is divided by -9 - -10 - 72/(-3).
10
Suppose -g + 2*b = 3, -4*g = g + 5*b. What is the remainder when (294/35)/(g/(-5)) is divided by 9?
6
Let c(v) = -2*v - 6. Let w be -8 - (-1 - -2 - 1). What is the remainder when 15 is divided by c(w)?
5
Let a = -351 + 501. Let i = 4 - 0. Suppose i*q + q = a. Calculate the remainder when 58 is divided by q.
28
Let l = 2454 - 2430. What is the remainder when 499 is divided by l?
19
Suppose -55 = -13*z + 8*z. Let c(q) = -4*q**3 - 6*q**2 - 2*q + 4. Let p be c(-4). Suppose -2*r - 2*r = -p. What is the remainder when r is divided by z?
10
Let x be -3*((-8)/3 + 1). Suppose 10*i - x*i - 205 = 0. Suppose -3*p + 60 = -3*d, -p - 3*d + 12 = -12. Calculate the remainder when i is divided by p.
20
Let v(p) = -p**3 + 14*p**2 - 34*p + 28. What is the remainder when v(10) is divided by 13?
10
Let p(j) = -j**3 - 12*j**2 + 12*j - 8. Let f be p(-13). Suppose f*i = -3*m + 293, -5*i - m + 359 = 68. Calculate the remainder when i is divided by 15.
13
Suppose -53 = -3*s - 26. What is the remainder when 34 is divided by s?
7
Let f(q) = q - 11. Let h be f(6). Let z(g) = -4*g - 12. Calculate the remainder when (-89)/(-3) + (-6)/(-18) is divided by z(h).
6
Let t(n) = -n**2 - n. Let k(l) = -4*l**2 - 5*l + 1. Let f(z) = -k(z) + 2*t(z). What is the remainder when 18/30 + (-124)/(-10) is divided by f(-3)?
5
Let p be 3 + (-564)/(-8) - 2/4. Let r = p - 43. Calculate the remainder when r is divided by 17.
13
Suppose 4*u - 577 = 403. Let b = -53 - -94. What is the